{"id":169,"date":"2026-01-29T15:10:14","date_gmt":"2026-01-29T14:10:14","guid":{"rendered":"https:\/\/ms.zipov.sk\/?page_id=169"},"modified":"2026-04-29T11:29:29","modified_gmt":"2026-04-29T09:29:29","slug":"dokumenty","status":"publish","type":"page","link":"https:\/\/ms.zipov.sk\/?page_id=169","title":{"rendered":"Dokumenty"},"content":{"rendered":"\n<p>\u0160kolsk\u00fd poriadok platn\u00fd pre \u0161k. rok 2025\/2026<\/p>\n\n\n\n<div class=\"wp-block-file\"><a id=\"wp-block-file--media-a7ae1adb-a20b-49ac-9237-8ce40470121d\" href=\"https:\/\/ms.zipov.sk\/wp-content\/uploads\/2026\/01\/SKOLSKY-PORIADOK-2021-2.docx\">\u0160KOLSKY PORIADOK 2021<\/a><a href=\"https:\/\/ms.zipov.sk\/wp-content\/uploads\/2026\/01\/SKOLSKY-PORIADOK-2021-2.docx\" class=\"wp-block-file__button wp-element-button\" download aria-describedby=\"wp-block-file--media-a7ae1adb-a20b-49ac-9237-8ce40470121d\">Stiahnu\u0165<\/a><\/div>\n\n\n\n<p><\/p>\n\n\n\n<p><\/p>\n\n\n\n<p>Informovan\u00fd s\u00fahlas<\/p>\n\n\n\n<div class=\"wp-block-file\"><a id=\"wp-block-file--media-d0c43ea8-fa53-46dd-8846-d08c04c16ac5\" href=\"https:\/\/ms.zipov.sk\/wp-content\/uploads\/2026\/01\/info_suhlas_o_pokacovani_PPV_-_rodic.docx\">info_suhlas_o_pokacovani_PPV_-_rodic<\/a><a href=\"https:\/\/ms.zipov.sk\/wp-content\/uploads\/2026\/01\/info_suhlas_o_pokacovani_PPV_-_rodic.docx\" class=\"wp-block-file__button wp-element-button\" download aria-describedby=\"wp-block-file--media-d0c43ea8-fa53-46dd-8846-d08c04c16ac5\">Stiahnu\u0165<\/a><\/div>\n\n\n\n<p><\/p>\n\n\n\n<p><\/p>\n\n\n\n<p>Denn\u00fd harmonogram<\/p>\n\n\n\n<div class=\"wp-block-file\"><a id=\"wp-block-file--media-ca1e3903-4041-4f4c-964b-71d9292dddb0\" href=\"https:\/\/ms.zipov.sk\/wp-content\/uploads\/2026\/01\/Denny-harmonogram.docx\">Denn\u00fd harmonogram<\/a><a href=\"https:\/\/ms.zipov.sk\/wp-content\/uploads\/2026\/01\/Denny-harmonogram.docx\" class=\"wp-block-file__button wp-element-button\" download aria-describedby=\"wp-block-file--media-ca1e3903-4041-4f4c-964b-71d9292dddb0\">Stiahnu\u0165<\/a><\/div>\n\n\n\n<p><\/p>\n\n\n\n<p>Z\u00e1pis prebieha od 1.5.2026 do 30.5.2026<\/p>\n\n\n\n<div data-wp-interactive=\"core\/file\" class=\"wp-block-file\"><object data-wp-bind--hidden=\"!state.hasPdfPreview\" hidden class=\"wp-block-file__embed\" data=\"https:\/\/ms.zipov.sk\/wp-content\/uploads\/2026\/04\/zapis-do-skolky.pdf\" type=\"application\/pdf\" style=\"width:100%;height:600px\" aria-label=\"Vlo\u017ei\u0165 zapis do skolky.\"><\/object><a id=\"wp-block-file--media-db97627e-9e0a-4c75-81eb-fb8bbeea7166\" href=\"https:\/\/ms.zipov.sk\/wp-content\/uploads\/2026\/04\/zapis-do-skolky.pdf\">zapis do skolky<\/a><a href=\"https:\/\/ms.zipov.sk\/wp-content\/uploads\/2026\/04\/zapis-do-skolky.pdf\" class=\"wp-block-file__button wp-element-button\" download aria-describedby=\"wp-block-file--media-db97627e-9e0a-4c75-81eb-fb8bbeea7166\">Stiahnu\u0165<\/a><\/div>\n\n\n\n<p><\/p>\n\n\n\n<p>Prihl\u00e1\u0161ka na vzdel\u00e1vanie v materskej \u0161kole<\/p>\n\n\n\n<div data-wp-interactive=\"core\/file\" class=\"wp-block-file\"><object data-wp-bind--hidden=\"!state.hasPdfPreview\" hidden class=\"wp-block-file__embed\" data=\"https:\/\/ms.zipov.sk\/wp-content\/uploads\/2026\/04\/prihlaska.pdf\" type=\"application\/pdf\" style=\"width:100%;height:600px\" aria-label=\"Vlo\u017ei\u0165 prihlaska.\"><\/object><a id=\"wp-block-file--media-8f507fef-df4c-45e6-8493-fa2fd466a006\" href=\"https:\/\/ms.zipov.sk\/wp-content\/uploads\/2026\/04\/prihlaska.pdf\">prihlaska<\/a><a href=\"https:\/\/ms.zipov.sk\/wp-content\/uploads\/2026\/04\/prihlaska.pdf\" class=\"wp-block-file__button wp-element-button\" download aria-describedby=\"wp-block-file--media-8f507fef-df4c-45e6-8493-fa2fd466a006\">Stiahnu\u0165<\/a><\/div>\n\n\n\n<p><\/p>\n\n\n\n<p>Potvrdenie o zdravotnom stave die\u0165a\u0165a<\/p>\n\n\n\n<div data-wp-interactive=\"core\/file\" class=\"wp-block-file\"><object data-wp-bind--hidden=\"!state.hasPdfPreview\" hidden class=\"wp-block-file__embed\" data=\"https:\/\/ms.zipov.sk\/wp-content\/uploads\/2026\/04\/potvrdenie.pdf\" type=\"application\/pdf\" style=\"width:100%;height:600px\" aria-label=\"Vlo\u017ei\u0165 potvrdenie.\"><\/object><a id=\"wp-block-file--media-303f32a8-7c2a-4bed-81a0-4cfbde3cc8ef\" href=\"https:\/\/ms.zipov.sk\/wp-content\/uploads\/2026\/04\/potvrdenie.pdf\">potvrdenie<\/a><a href=\"https:\/\/ms.zipov.sk\/wp-content\/uploads\/2026\/04\/potvrdenie.pdf\" class=\"wp-block-file__button wp-element-button\" download aria-describedby=\"wp-block-file--media-303f32a8-7c2a-4bed-81a0-4cfbde3cc8ef\">Stiahnu\u0165<\/a><\/div>\n","protected":false},"excerpt":{"rendered":"<p>\u0160kolsk\u00fd poriadok platn\u00fd pre \u0161k. rok 2025\/2026 Informovan\u00fd s\u00fahlas Denn\u00fd harmonogram Z\u00e1pis prebieha od 1.5.2026 do 30.5.2026 Prihl\u00e1\u0161ka na vzdel\u00e1vanie v materskej \u0161kole Potvrdenie o [&hellip;]<\/p>\n","protected":false},"author":2,"featured_media":0,"parent":0,"menu_order":0,"comment_status":"closed","ping_status":"closed","template":"","meta":{"footnotes":""},"class_list":["post-169","page","type-page","status-publish","hentry"],"_links":{"self":[{"href":"https:\/\/ms.zipov.sk\/index.php?rest_route=\/wp\/v2\/pages\/169","targetHints":{"allow":["GET"]}}],"collection":[{"href":"https:\/\/ms.zipov.sk\/index.php?rest_route=\/wp\/v2\/pages"}],"about":[{"href":"https:\/\/ms.zipov.sk\/index.php?rest_route=\/wp\/v2\/types\/page"}],"author":[{"embeddable":true,"href":"https:\/\/ms.zipov.sk\/index.php?rest_route=\/wp\/v2\/users\/2"}],"replies":[{"embeddable":true,"href":"https:\/\/ms.zipov.sk\/index.php?rest_route=%2Fwp%2Fv2%2Fcomments&post=169"}],"version-history":[{"count":5,"href":"https:\/\/ms.zipov.sk\/index.php?rest_route=\/wp\/v2\/pages\/169\/revisions"}],"predecessor-version":[{"id":298,"href":"https:\/\/ms.zipov.sk\/index.php?rest_route=\/wp\/v2\/pages\/169\/revisions\/298"}],"wp:attachment":[{"href":"https:\/\/ms.zipov.sk\/index.php?rest_route=%2Fwp%2Fv2%2Fmedia&parent=169"}],"curies":[{"name":"wp","href":"https:\/\/api.w.org\/{rel}","templated":true}]}}