{"id":2,"date":"2026-01-27T10:04:39","date_gmt":"2026-01-27T09:04:39","guid":{"rendered":"https:\/\/ms.zipov.sk\/?page_id=2"},"modified":"2026-02-06T14:13:42","modified_gmt":"2026-02-06T13:13:42","slug":"ukazkova-stranka","status":"publish","type":"page","link":"https:\/\/ms.zipov.sk\/?page_id=2","title":{"rendered":"Matersk\u00e1 \u0161kola \u017dipov"},"content":{"rendered":"\n<p>\u017dipov 21, 082 41 \u017dipov <\/p>\n\n\n\n<h2 class=\"wp-block-heading\">Vzdel\u00e1vac\u00ed program &#8222;\u0160kovr\u00e1nok&#8220;<\/h2>\n\n\n\n<p>Popis \u0161kolky&#8230;<\/p>\n\n\n\n<blockquote class=\"wp-block-quote is-layout-flow wp-block-quote-is-layout-flow\">\n<p>Popis programu..<\/p>\n\n\n\n<p class=\"has-black-color has-orange-background-color has-text-color has-background has-link-color wp-elements-1bb9204f97d63ca4bcb9b9171cb04420\">Detstvo je \u010dasom hier a die\u0165a v pred\u0161kolskom veku sa u\u010d\u00ed hrou. Hra je prirodzenou detskou aktivitou. Pr\u00e1ve hry sa st\u00e1vaj\u00fa vynikaj\u00facim prostriedkom, ako sa nau\u010di\u0165 rie\u0161i\u0165 r\u00f4zne situ\u00e1cie a z\u00e1rove\u0148, aj ako podporova\u0165 individualitu a osobnos\u0165 die\u0165a\u0165a. \u0160kolsk\u00fd vzdel\u00e1vac\u00ed program \u201e\u0160KOVR\u00c1NOK\u201c je z\u00e1kladn\u00fdm dokumentom, pod\u013ea ktor\u00e9ho sa uskuto\u010d\u0148uje predprim\u00e1rna v\u00fdchova a vzdel\u00e1vanie v materskej \u0161kole. Vypracovan\u00fd je v s\u00falade so \u0160t\u00e1tnym vzdel\u00e1vac\u00edm programom pre predprim\u00e1rne vzdel\u00e1vanie v matersk\u00fdch \u0161kol\u00e1ch, ktor\u00fd sa riadi po\u017eiadavkami \u0161kolsk\u00e9ho z\u00e1kona. Tento \u0161kolsk\u00fd vzdel\u00e1vac\u00ed program stanovuje z\u00e1kladn\u00e9 pravidl\u00e1, mo\u017enosti a po\u017eiadavky n\u00e1\u0161ho vzdel\u00e1vania. Je tvoriv\u00fd ,flexibiln\u00fd a koncep\u010dn\u00fd. Profiluje matersk\u00fa \u0161kolu pod\u013ea potrieb a z\u00e1ujmov det\u00ed, po\u017eiadaviek rodi\u010dov a zamestnancov.<\/p>\n\n\n\n<p class=\"has-black-color has-orange-background-color has-text-color has-background has-link-color wp-elements-66eb59001a22f07f2a290369253c34fd\">Matersk\u00e1 \u0161kola v \u017dipove sa zameriava na rozvoj enviroment\u00e1lnej v\u00fdchovy, \u010do vych\u00e1dza z n\u00e1zvu \u0161kolsk\u00e9ho vzdel\u00e1vacieho programu \u0160KOVR\u00c1NOK, prostredn\u00edctvom ktor\u00e9ho sa realizuje v\u00fdchova a vzdel\u00e1vanie det\u00ed. Cez r\u00f4zne aktivity, sa sna\u017e\u00edme budova\u0165 a upevni\u0165 vz\u0165ah det\u00ed k pr\u00edrode, k jej ochrane, starostlivosti o zele\u0148, kvety, zvierat\u00e1&#8230;<\/p>\n\n\n\n<p class=\"has-black-color has-orange-background-color has-text-color has-background has-link-color wp-elements-f60189189331a101a788d1fcd4e2783f\">Sna\u017e\u00edme sa vytvori\u0165 bezpe\u010dn\u00fd priestor pre det\u00ed pln\u00fd pohody a l\u00e1sky, kde m\u00f4\u017eu rozv\u00edja\u0165 svoje schopnost\u00ed, vedomost\u00ed, zru\u010dnost\u00ed, fant\u00e1ziu.. <\/p>\n\n\n\n<p class=\"has-green-color has-yellow-background-color has-text-color has-background has-link-color has-regular-font-size wp-elements-17eba6f790546b18b93810db4b184a7c\"><em>\u0160kovr\u00e1nok je symbolom vo\u013enej krajiny, radosti a kr\u00e1sy pr\u00edrody<\/em>. Jeho pr\u00edtomnos\u0165 a spev prin\u00e1\u0161aj\u00fa do z\u00e1hrad a pol\u00ed \u017eivot a harm\u00f3niu&#8230;a toto je aj na\u0161\u00edm cie\u013eom.<\/p>\n<\/blockquote>\n\n\n\n<p>&#8230;alebo <\/p>\n\n\n\n<blockquote class=\"wp-block-quote is-layout-flow wp-block-quote-is-layout-flow\">\n<p>nie\u010do viac o \u0161k\u00f4lke <\/p>\n\n\n\n<p class=\"has-black-color has-orange-background-color has-text-color has-background has-link-color has-regular-font-size wp-elements-f55093c70a475307e0ca904df40baf1d\">Na\u0161a Matersk\u00e1 \u0161kola  \u017dipov, sa nach\u00e1dza v tichom a malebnom prostred\u00ed,  v strede dediny. Matersk\u00e1 \u0161kola pre\u0161la rozsiahlou  celkovou rekon\u0161trukciou vonkaj\u0161\u00edch a vn\u00fatorn\u00fdch priestorov, p\u00f4sob\u00ed \u00fatulne a moderne.<\/p>\n\n\n\n<p class=\"has-black-color has-orange-background-color has-text-color has-background has-link-color wp-elements-1b31c85bc82f754e3ce442a03770a36e\">Trieda je priestrann\u00e1, pon\u00faka ve\u013ea priestoru na hru, z\u00e1bavu, eduk\u00e1ciu, cvi\u010denie a kreativitu die\u0165a\u0165a. S\u00fa\u010das\u0165ou triedy je aj oddelen\u00e1 sp\u00e1l\u0148a, ktor\u00e1 sl\u00fa\u017ei de\u0165om na odpo\u010dinok v poobedn\u00fdch hodin\u00e1ch. V budove sa nach\u00e1dza um\u00fdvarka pre deti, toalety, kuchy\u0148a prepojen\u00e1 s jed\u00e1l\u0148ou.<\/p>\n\n\n\n<p class=\"has-black-color has-orange-background-color has-text-color has-background has-link-color wp-elements-e0383a1fe851c6e4efca20848e8d18b0\">N\u00e1\u0161 \u0161kolsk\u00fd dvor vyu\u017e\u00edvame ka\u017ed\u00fd de\u0148, na r\u00f4zne hry, z\u00e1bavu, oddych&#8230; Nach\u00e1dza sa na \u0148om priestran\u00e9 pieskovisko, dom\u010dek so \u0161m\u00fdka\u010dkami, hojda\u010dky a detsk\u00fd n\u00e1bytok. <\/p>\n\n\n\n<p><\/p>\n<\/blockquote>\n\n\n\n<p><\/p>\n","protected":false},"excerpt":{"rendered":"<p>\u017dipov 21, 082 41 \u017dipov Vzdel\u00e1vac\u00ed program &#8222;\u0160kovr\u00e1nok&#8220; Popis \u0161kolky&#8230; Popis programu.. Detstvo je \u010dasom hier a die\u0165a v pred\u0161kolskom veku sa u\u010d\u00ed hrou. Hra [&hellip;]<\/p>\n","protected":false},"author":1,"featured_media":0,"parent":0,"menu_order":0,"comment_status":"closed","ping_status":"open","template":"","meta":{"footnotes":""},"class_list":["post-2","page","type-page","status-publish","hentry"],"_links":{"self":[{"href":"https:\/\/ms.zipov.sk\/index.php?rest_route=\/wp\/v2\/pages\/2","targetHints":{"allow":["GET"]}}],"collection":[{"href":"https:\/\/ms.zipov.sk\/index.php?rest_route=\/wp\/v2\/pages"}],"about":[{"href":"https:\/\/ms.zipov.sk\/index.php?rest_route=\/wp\/v2\/types\/page"}],"author":[{"embeddable":true,"href":"https:\/\/ms.zipov.sk\/index.php?rest_route=\/wp\/v2\/users\/1"}],"replies":[{"embeddable":true,"href":"https:\/\/ms.zipov.sk\/index.php?rest_route=%2Fwp%2Fv2%2Fcomments&post=2"}],"version-history":[{"count":19,"href":"https:\/\/ms.zipov.sk\/index.php?rest_route=\/wp\/v2\/pages\/2\/revisions"}],"predecessor-version":[{"id":250,"href":"https:\/\/ms.zipov.sk\/index.php?rest_route=\/wp\/v2\/pages\/2\/revisions\/250"}],"wp:attachment":[{"href":"https:\/\/ms.zipov.sk\/index.php?rest_route=%2Fwp%2Fv2%2Fmedia&parent=2"}],"curies":[{"name":"wp","href":"https:\/\/api.w.org\/{rel}","templated":true}]}}